divided by 6.
3
Calculate the remainder when 310219 is divided by 118.
115
Calculate the remainder when 119333 is divided by 98.
67
Calculate the remainder when 1156 is divided by 54.
22
What is the remainder when 2682 is divided by 112?
106
Calculate the remainder when 207 is divided by 96.
15
What is the remainder when 523004 is divided by 81?
68
What is the remainder when 378483 is divided by 295?
293
Calculate the remainder when 1018 is divided by 507.
4
What is the remainder when 5009 is divided by 29?
21
Calculate the remainder when 24818 is divided by 85.
83
Calculate the remainder when 1590 is divided by 10.
0
Calculate the remainder when 22327 is divided by 2997.
1348
What is the remainder when 12779 is divided by 12777?
2
What is the remainder when 69343 is divided by 141?
112
Calculate the remainder when 145648 is divided by 131.
107
What is the remainder when 87134 is divided by 854?
26
Calculate the remainder when 204171 is divided by 68053.
12
What is the remainder when 3500 is divided by 3448?
52
What is the remainder when 774 is divided by 358?
58
What is the remainder when 827763 is divided by 12?
3
Calculate the remainder when 17102 is divided by 168.
134
Calculate the remainder when 2371199 is divided by 50.
49
Calculate the remainder when 3811 is divided by 349.
321
Calculate the remainder when 24593 is divided by 24583.
10
What is the remainder when 11429 is divided by 10?
9
What is the remainder when 4096 is divided by 101?
56
Calculate the remainder when 543556 is divided by 90591.
10
What is the remainder when 78735 is divided by 180?
75
What is the remainder when 262 is divided by 141?
121
What is the remainder when 396 is divided by 39?
6
What is the remainder when 10462 is divided by 2061?
157
What is the remainder when 16062 is divided by 141?
129
What is the remainder when 7438 is divided by 54?
40
Calculate the remainder when 57568 is divided by 4112.
0
What is the remainder when 925 is divided by 81?
34
What is the remainder when 51526 is divided by 24?
22
Calculate the remainder when 649 is divided by 16.
9
What is the remainder when 404543 is divided by 168?
167
What is the remainder when 10078 is divided by 3142?
652
What is the remainder when 2434 is divided by 656?
466
What is the remainder when 326 is divided by 37?
30
What is the remainder when 57710 is divided by 11542?
0
What is the remainder when 1422 is divided by 198?
36
What is the remainder when 4786 is divided by 597?
10
Calculate the remainder when 43760 is divided by 127.
72
What is the remainder when 92184 is divided by 46066?
52
Calculate the remainder when 5747 is divided by 478.
11
Calculate the remainder when 28382 is divided by 26.
16
What is the remainder when 4095 is divided by 141?
6
What is the remainder when 29720 is divided by 697?
446
Calculate the remainder when 4103 is divided by 815.
28
Calculate the remainder when 1223510 is divided by 1063.
1060
Calculate the remainder when 5747 is divided by 2868.
11
Calculate the remainder when 174510 is divided by 208.
206
What is the remainder when 592196 is divided by 188?
184
Calculate the remainder when 229386 is divided by 8190.
66
Calculate the remainder when 7579 is divided by 196.
131
Calculate the remainder when 30097 is divided by 30003.
94
What is the remainder when 11340 is divided by 1831?
354
What is the remainder when 105837 is divided by 80?
77
Calculate the remainder when 9377 is divided by 48.
17
What is the remainder when 401 is divided by 136?
129
Calculate the remainder when 48047 is divided by 22.
21
What is the remainder when 200246 is divided by 15?
11
Calculate the remainder when 14090 is divided by 3511.
46
Calculate the remainder when 3151 is divided by 1015.
106
What is the remainder when 32445 is divided by 264?
237
Calculate the remainder when 30912 is divided by 3412.
204
Calculate the remainder when 12057 is divided by 380.
277
What is the remainder when 65147 is divided by 3832?
3
What is the remainder when 1110 is divided by 1101?
9
What is the remainder when 175170 is divided by 718?
696
Calculate the remainder when 364071 is divided by 10113.
3
Calculate the remainder when 5578 is divided by 60.
58
What is the remainder when 184886 is divided by 326?
44
Calculate the remainder when 90357 is divided by 40.
37
What is the remainder when 381380 is divided by 16?
4
What is the remainder when 17141 is divided by 1426?
29
What is the remainder when 588 is divided by 54?
48
Calculate the remainder when 49175 is divided by 133.
98
Calculate the remainder when 127636 is divided by 14179.
25
Calculate the remainder when 31537 is divided by 928.
913
What is the remainder when 39579 is divided by 163?
133
Calculate the remainder when 5101 is divided by 40.
21
What is the remainder when 402545 is divided by 155?
10
Calculate the remainder when 4291 is divided by 3270.
1021
What is the remainder when 6806 is divided by 2264?
14
What is the remainder when 15611 is divided by 1545?
161
Calculate the remainder when 420488 is divided by 1282.
1274
What is the remainder when 152081 is divided by 225?
206
What is the remainder when 34482 is divided by 37?
35
Calculate the remainder when 14794 is divided by 102.
4
Calculate the remainder when 3644 is divided by 1810.
24
What is the remainder when 9800 is divided by 347?
84
What is the remainder when 494106 is divided by 279?
276
Calculate the remainder when 9576 is divided by 532.
0
What is the remainder when 22909 is divided by 40?
29
Calculate the remainder when 24633 is divided by 2456.
73
What is the remainder when 67 is divided by 15?
7
What is the remainder when 1896 is divided by 369?
51
What is the remainder when 15132 is divided by 78?
0
What is the remainder when 289989 is divided by 349?
319
What is the remainder when 28092 is divided by 1402?
52
What is the remainder when 1112 is divided by 145?
97
What is the remainder when 64237 is divided by 86?
81
Calculate the remainder when 1433 is divided by 812.
621
What is the remainder when 51380 is divided by 224?
84
What is the remainder when 36769 is divided by 706?
57
Calculate the remainder when 1488 is divided by 1485.
3
Calculate the remainder when 3633 is divided by 1497.
639
Calculate the remainder when 4873 is divided by 37.
26
Calculate the remainder when 37044 is divided by 725.
69
What is the remainder when 5423 is divided by 12?
11
What is the remainder when 24764 is divided by 37?
11
Calculate the remainder when 83833 is divided by 7.
1
What is the remainder when 10269 is divided by 284?
45
Calculate the remainder when 19120 is divided by 14.
10
Calculate the remainder when 31976 is divided by 79.
60
What is the remainder when 28405 is divided by 133?
76
Calculate the remainder when 523860 is divided by 544.
532
Calculate the remainder when 4858 is divided by 135.
133
What is the remainder when 4198 is divided by 1960?
278
What is the remainder when 953236 is divided by 51?
46
Calculate the remainder when 3496 is divided by 742.
528
What is the remainder when 138768 is divided by 46253?
9
What is the remainder when 6230 is divided by 29?
24
What is the remainder when 35123 is divided by 2066?
1
What is the remainder when 137525 is divided by 1050?
1025
What is the remainder when 4548 is divided by 70?
68
What is the remainder when 70284 is divided by 382?
378
What is the remainder when 1939 is divided by 955?
29
Calculate the remainder when 11123 is divided by 1588.
7
Calculate the remainder when 4276 is divided by 30.
16
What is the remainder when 33243 is divided by 124?
11
What is the remainder when 536812 is divided by 239?
18
What is the remainder when 331072 is divided by 165532?
8
What is the remainder when 1247 is divided by 239?
52
Calculate the remainder when 5161 is divided by 89.
88
What is the remainder when 22308 is divided by 179?
112
Calculate the remainder when 5044 is divided by 89.
60
What is the remainder when 7122 is divided by 146?
114
What is the remainder when 8294 is divided by 8?
6
Calculate the remainder when 109723 is divided by 54.
49
What is the remainder when 98326 is divided by 32771?
13
What is the remainder when 253939 is divided by 12?
7
Calculate the remainder when 2832512 is divided by 89.
87
What is the remainder wh